313
List the prime factors of 1291175.
5, 51647
What are the prime factors of 20367055?
5, 4073411
What are the prime factors of 1561167?
3, 67, 863
What are the prime factors of 819803?
167, 4909
What are the prime factors of 1051633?
11, 95603
List the prime factors of 168465.
3, 5, 11, 1021
What are the prime factors of 5634?
2, 3, 313
List the prime factors of 217720.
2, 5, 5443
What are the prime factors of 1023190?
2, 5, 7, 47, 311
List the prime factors of 125421.
3, 97, 431
List the prime factors of 3426240.
2, 3, 5, 43, 83
List the prime factors of 6822698.
2, 3411349
What are the prime factors of 488724?
2, 3, 139, 293
List the prime factors of 202381.
202381
What are the prime factors of 2373377?
557, 4261
List the prime factors of 968902.
2, 11, 44041
What are the prime factors of 1115166?
2, 3, 13, 17, 29
List the prime factors of 94854.
2, 3, 15809
List the prime factors of 4492523.
7, 641789
List the prime factors of 1435266.
2, 3, 7, 3797
What are the prime factors of 3807511?
3807511
What are the prime factors of 49986?
2, 3, 2777
List the prime factors of 30445.
5, 6089
What are the prime factors of 3108616?
2, 7, 55511
What are the prime factors of 7154693?
7, 13, 78623
What are the prime factors of 3127323?
3, 1021
List the prime factors of 403429.
13, 31033
What are the prime factors of 523899?
3, 58211
What are the prime factors of 20282594?
2, 739, 13723
List the prime factors of 295436.
2, 73859
What are the prime factors of 205736?
2, 25717
List the prime factors of 18279350.
2, 5, 365587
List the prime factors of 279980.
2, 5, 13999
List the prime factors of 422162.
2, 13, 1249
What are the prime factors of 396237?
3, 269, 491
What are the prime factors of 339485?
5, 43, 1579
List the prime factors of 1085444.
2, 89, 3049
What are the prime factors of 246902?
2, 41, 3011
List the prime factors of 287033.
19, 15107
List the prime factors of 873545.
5, 17, 43, 239
What are the prime factors of 13779986?
2, 11, 626363
List the prime factors of 661981.
103, 6427
List the prime factors of 3939905.
5, 787981
What are the prime factors of 1369752?
2, 3, 57073
What are the prime factors of 285557?
285557
List the prime factors of 11752921.
11752921
What are the prime factors of 2484576?
2, 3, 8627
List the prime factors of 232947.
3, 11, 13, 181
What are the prime factors of 179374?
2, 13, 6899
List the prime factors of 280583.
280583
What are the prime factors of 491255?
5, 98251
What are the prime factors of 22255647?
3, 211, 35159
What are the prime factors of 636677?
149, 4273
List the prime factors of 3541829.
59, 173, 347
List the prime factors of 2807453.
11, 31, 8233
What are the prime factors of 2440252?
2, 610063
List the prime factors of 98370.
2, 3, 5, 1093
List the prime factors of 672656.
2, 17, 2473
List the prime factors of 15019444.
2, 11, 353, 967
List the prime factors of 844029.
3, 191, 491
List the prime factors of 406126.
2, 7, 29009
What are the prime factors of 2336858?
2, 313, 3733
List the prime factors of 4561815.
3, 5, 179, 1699
What are the prime factors of 169835?
5, 33967
List the prime factors of 5529552.
2, 3, 7, 2351
List the prime factors of 284876.
2, 229, 311
List the prime factors of 23063816.
2, 29, 89, 1117
What are the prime factors of 4504778?
2, 2252389
List the prime factors of 386992.
2, 19, 67
List the prime factors of 6703378.
2, 11, 31, 9829
What are the prime factors of 2077162?
2, 17, 199, 307
What are the prime factors of 332470?
2, 5, 33247
List the prime factors of 720767.
720767
What are the prime factors of 433861?
433861
List the prime factors of 2210371.
2210371
What are the prime factors of 1541757?
3, 7, 73417
What are the prime factors of 664019?
664019
What are the prime factors of 8772253?
7, 179, 7001
What are the prime factors of 8230090?
2, 5, 11, 23, 3253
What are the prime factors of 1253997?
3, 139333
List the prime factors of 16147902.
2, 3, 2691317
What are the prime factors of 164211?
3, 127, 431
What are the prime factors of 1739624?
2, 101, 2153
What are the prime factors of 118381?
23, 5147
List the prime factors of 328564.
2, 82141
List the prime factors of 88858.
2, 7, 11, 577
List the prime factors of 12865119.
3, 23, 186451
List the prime factors of 102579.
3, 31, 1103
What are the prime factors of 1983207?
3, 53, 12473
List the prime factors of 37145.
5, 17, 19, 23
What are the prime factors of 303658?
2, 19, 61, 131
List the prime factors of 17499620.
2, 5, 41, 21341
What are the prime factors of 4881201?
3, 13, 257, 487
What are the prime factors of 1952376?
2, 3, 81349
What are the prime factors of 781834?
2, 431, 907
What are the prime factors of 3444027?
3, 163, 7043
List the prime factors of 253183.
7, 5167
What are the prime factors of 4531174?
2, 2265587
List the prime factors of 756977.
13, 58229
What are the prime factors of 5556651?
3, 1852217
What are the prime factors of 183997?
11, 43, 389
What are the prime factors of 4142874?
2, 3, 19, 36341
What are the prime factors of 4123332?
2, 3, 73, 523
What are the prime factors of 18756747?
3, 1231, 1693
List the prime factors of 213219.
3, 53, 149
List the prime factors of 1056257.
547, 1931
List the prime factors of 1890174.
2, 3, 11, 13, 2203
List the prime factors of 7818706.
2, 7, 558479
What are the prime factors of 231087?
3, 77029
What are the prime factors of 526359?
3, 175453
List the prime factors of 227109.
3, 75703
List the prime factors of 3612266.
2, 7, 258019
What are the prime factors of 261523?
261523
What are the prime factors of 98144?
2, 3067
What are the prime factors of 803780?
2, 5, 40189
List the prime factors of 314193.
3, 11, 9521
List the prime factors of 4054103.
67, 60509
What are the prime factors of 978860?
2, 5, 17, 2879
What are the prime factors of 158582?
2, 37, 2143
List the prime factors of 235298.
2, 7
List the prime factors of 864630.
2, 3, 5, 13, 739
What are the prime factors of 440978?
2, 79, 2791
List the prime factors of 17075795.
5, 11, 73, 4253
List the prime factors of 3009583.
541, 5563
List the prime factors of 5521392.
2, 3, 12781
What are the prime factors of 22070606?
2, 11035303
What are the prime factors of 678784?
2, 5303
List the prime factors of 1088251.
1088251
List the prime factors of 33320637.
3, 7, 75557
List the prime factors of 21939231.
3, 17, 277, 1553
What are the prime factors of 494579?
37, 13367
What are the prime factors of 989793?
3, 7, 5237
List the prime factors of 542411.
251, 2161
What are the prime factors of 1395070?
2, 5, 61, 2287
What are the prime factors of 7710018?
2, 3, 277, 4639
What are the prime factors of 58376?
2, 7297
What are the prime factors of 537979?
13, 29, 1427
List the prime factors of 735119.
7, 11, 9547
List the prime factors of 1577702.
2, 7, 17, 947
What are the prime factors of 18687878?
2, 11, 149, 5701
What are the prime factors of 1548146?
2, 774073
List the prime factors of 14543.
14543
List the prime factors of 842940.
2, 3, 5, 7, 223
What are the prime factors of 248185?
5, 7, 1013
What are the prime factors of 686710?
2, 5, 43, 1597
List the prime factors of 617636.
2, 154409
List the prime factors of 859577.
859577
What are the prime factors of 663641?
11, 60331
List the prime factors of 1403182.
2, 11, 63781
List the prime factors of 1311008.
2, 53, 773
What are the prime factors of 5766671?
19, 367, 827
List the prime factors of 24868862.
2, 257, 48383
What are the prime factors of 3147947?
11, 419, 683
What are the prime factors of 1142618?
2, 67, 8527
List the prime factors of 1254644.
2, 313661
What are the prime factors of 267101?
47, 5683
What are the prime factors of 223406?
2, 37, 3019
What are the prime factors of 882771?
3, 41, 7177
List the prime factors of 2118007.
2118007
What are the prime factors of 29546882?
2, 29, 509429
List the prime factors of 4115696.
2, 13, 47, 421
List the prime factors of 25511839.
25511839
List the prime factors of 1473861.
3, 443, 1109
What are the prime factors of 53629?
53629
What are the prime factors of 152192?
2, 29, 41
List the prime factors of 629020.
2, 5, 7, 4493
What are the prime factors of 1102846?
2, 551423
What are the prime factors of 8349883?
29, 83, 3469
List the prime factors of 3087980.
2, 5, 7, 23, 137
What are t